ainder when 2177 is divided by 121?
120
Calculate the remainder when 26 is divided by 24.
2
Calculate the remainder when 3131 is divided by 391.
3
What is the remainder when 291 is divided by 14?
11
Calculate the remainder when 129 is divided by 37.
18
Calculate the remainder when 533 is divided by 29.
11
What is the remainder when 251 is divided by 112?
27
Calculate the remainder when 236 is divided by 49.
40
Calculate the remainder when 996 is divided by 28.
16
Calculate the remainder when 348 is divided by 112.
12
What is the remainder when 314 is divided by 307?
7
What is the remainder when 1118 is divided by 27?
11
What is the remainder when 62 is divided by 21?
20
What is the remainder when 429 is divided by 31?
26
Calculate the remainder when 836 is divided by 319.
198
What is the remainder when 293 is divided by 42?
41
What is the remainder when 1253 is divided by 33?
32
Calculate the remainder when 74 is divided by 33.
8
Calculate the remainder when 877 is divided by 7.
2
What is the remainder when 102 is divided by 23?
10
What is the remainder when 10761 is divided by 52?
49
What is the remainder when 10043 is divided by 31?
30
Calculate the remainder when 237 is divided by 15.
12
Calculate the remainder when 194 is divided by 9.
5
Calculate the remainder when 3103 is divided by 97.
96
What is the remainder when 1169 is divided by 65?
64
Calculate the remainder when 558 is divided by 20.
18
What is the remainder when 704 is divided by 47?
46
What is the remainder when 524 is divided by 36?
20
What is the remainder when 1280 is divided by 631?
18
What is the remainder when 161 is divided by 81?
80
Calculate the remainder when 51 is divided by 11.
7
What is the remainder when 65 is divided by 2?
1
Calculate the remainder when 1446 is divided by 471.
33
What is the remainder when 4553 is divided by 99?
98
What is the remainder when 41 is divided by 22?
19
Calculate the remainder when 172 is divided by 11.
7
What is the remainder when 2865 is divided by 19?
15
Calculate the remainder when 296 is divided by 118.
60
Calculate the remainder when 182 is divided by 59.
5
What is the remainder when 114 is divided by 12?
6
Calculate the remainder when 407 is divided by 82.
79
Calculate the remainder when 819 is divided by 107.
70
What is the remainder when 5791 is divided by 16?
15
What is the remainder when 106 is divided by 24?
10
What is the remainder when 419 is divided by 73?
54
What is the remainder when 137 is divided by 47?
43
Calculate the remainder when 2646 is divided by 3.
0
Calculate the remainder when 112 is divided by 36.
4
What is the remainder when 32 is divided by 11?
10
What is the remainder when 189 is divided by 17?
2
What is the remainder when 495 is divided by 45?
0
What is the remainder when 331 is divided by 171?
160
Calculate the remainder when 4244 is divided by 11.
9
Calculate the remainder when 2202 is divided by 29.
27
Calculate the remainder when 291 is divided by 287.
4
What is the remainder when 37 is divided by 9?
1
What is the remainder when 291 is divided by 7?
4
What is the remainder when 1544 is divided by 37?
27
Calculate the remainder when 217 is divided by 28.
21
What is the remainder when 945 is divided by 193?
173
What is the remainder when 85 is divided by 8?
5
Calculate the remainder when 913 is divided by 27.
22
Calculate the remainder when 115 is divided by 17.
13
Calculate the remainder when 44 is divided by 18.
8
Calculate the remainder when 93 is divided by 24.
21
What is the remainder when 14363 is divided by 38?
37
Calculate the remainder when 3189 is divided by 55.
54
Calculate the remainder when 501 is divided by 58.
37
What is the remainder when 357 is divided by 178?
1
What is the remainder when 135 is divided by 49?
37
What is the remainder when 76 is divided by 24?
4
What is the remainder when 496 is divided by 168?
160
Calculate the remainder when 1316 is divided by 147.
140
Calculate the remainder when 246 is divided by 11.
4
What is the remainder when 160 is divided by 56?
48
Calculate the remainder when 951 is divided by 125.
76
Calculate the remainder when 537 is divided by 6.
3
Calculate the remainder when 476 is divided by 113.
24
Calculate the remainder when 222 is divided by 35.
12
Calculate the remainder when 766 is divided by 242.
40
What is the remainder when 106 is divided by 43?
20
What is the remainder when 3814 is divided by 136?
6
What is the remainder when 381 is divided by 8?
5
Calculate the remainder when 365 is divided by 16.
13
Calculate the remainder when 1487 is divided by 60.
47
What is the remainder when 740 is divided by 47?
35
Calculate the remainder when 472 is divided by 19.
16
What is the remainder when 62 is divided by 21?
20
Calculate the remainder when 1052 is divided by 62.
60
Calculate the remainder when 619 is divided by 27.
25
Calculate the remainder when 2278 is divided by 378.
10
Calculate the remainder when 994 is divided by 17.
8
What is the remainder when 3011 is divided by 25?
11
Calculate the remainder when 799 is divided by 40.
39
Calculate the remainder when 199 is divided by 24.
7
Calculate the remainder when 2207 is divided by 241.
38
Calculate the remainder when 502 is divided by 46.
42
What is the remainder when 91 is divided by 52?
39
Calculate the remainder when 134 is divided by 21.
8
Calculate the remainder when 3782 is divided by 86.
84
What is the remainder when 12054 is divided by 180?
174
Calculate the remainder when 223 is divided by 14.
13
Calculate the remainder when 352 is divided by 8.
0
What is the remainder when 11217 is divided by 44?
41
What is the remainder when 53 is divided by 40?
13
What is the remainder when 452 is divided by 243?
209
Calculate the remainder when 111 is divided by 8.
7
Calculate the remainder when 881 is divided by 147.
146
What is the remainder when 1073 is divided by 25?
23
What is the remainder when 10 is divided by 6?
4
What is the remainder when 181 is divided by 53?
22
Calculate the remainder when 1038 is divided by 29.
23
What is the remainder when 2083 is divided by 15?
13
Calculate the remainder when 11344 is divided by 9.
4
What is the remainder when 1806 is divided by 226?
224
Calculate the remainder when 516 is divided by 52.
48
What is the remainder when 2158 is divided by 266?
30
What is the remainder when 22 is divided by 10?
2
What is the remainder when 405 is divided by 60?
45
Calculate the remainder when 206 is divided by 30.
26
What is the remainder when 83 is divided by 53?
30
Calculate the remainder when 171 is divided by 82.
7
What is the remainder when 207 is divided by 56?
39
What is the remainder when 27 is divided by 3?
0
What is the remainder when 2913 is divided by 81?
78
What is the remainder when 113 is divided by 13?
9
What is the remainder when 2161 is divided by 46?
45
Calculate the remainder when 176 is divided by 60.
56
What is the remainder when 490 is divided by 162?
4
Calculate the remainder when 803 is divided by 161.
159
What is the remainder when 7369 is divided by 32?
9
Calculate the remainder when 330 is divided by 39.
18
Calculate the remainder when 624 is divided by 125.
124
What is the remainder when 3513 is divided by 206?
11
Calculate the remainder when 308 is divided by 74.
12
What is the remainder when 317 is divided by 45?
2
What is the remainder when 836 is divided by 7?
3
What is the remainder when 3780 is divided by 377?
10
Calculate the remainder when 1664 is divided by 49.
47
What is the remainder when 248 is divided by 6?
2
Calculate the remainder when 394 is divided by 64.
10
What is the remainder when 114 is divided by 51?
12
What is the remainder when 377 is divided by 54?
53
What is the remainder when 376 is divided by 27?
25
Calculate the remainder when 340 is divided by 115.
110
Calculate the remainder when 93 is divided by 34.
25
What is the remainder when 1500 is divided by 5?
0
What is the remainder when 188 is divided by 14?
6
What is the remainder when 127538 is divided by 70?
68
Calculate the remainder when 100 is divided by 52.
48
Calculate the remainder when 112 is divided by 39.
34
Calculate the remainder when 53 is divided by 15.
8
Calculate the remainder when 212 is divided by 175.
37
Calculate the remainder when 5353 is 